{"id":9,"date":"2026-03-15T15:04:27","date_gmt":"2026-03-15T15:04:27","guid":{"rendered":"https:\/\/piloteka.pl\/?page_id=9"},"modified":"2026-03-15T17:11:02","modified_gmt":"2026-03-15T17:11:02","slug":"piloteka-pilates-klasyczny","status":"publish","type":"page","link":"https:\/\/piloteka.pl\/","title":{"rendered":"Piloteka &#8211; Pilates klasyczny"},"content":{"rendered":"\n<p class=\"is-style-default\"><strong>PILATES NA REFORMERACH<\/strong><\/p>\n\n\n\n<p class=\"has-manrope-font-family\" style=\"font-style:italic;font-weight:400\"><strong>DLACZEGO WARTO?<br><\/strong>\u2013 indywidualne podej\u015bcie,<br>\u2013 praca w skupieniu i harmonii,<br>\u2013 sprz\u0119t premium,<br>\u2013 klasyczne reformery,<br>\u2013 bezpiecze\u0144stwo i pe\u0142na uwaga instruktora.<\/p>\n\n\n\n<p style=\"font-style:italic;font-weight:400\"><strong>DODATKOWO:<\/strong><br>&#8211; intymna, spokojna atmosfera,<br>&#8211; profesjonalne, klasyczne podej\u015bcie do pilatesu, <br>&#8211; skupienie na Twoim ciele i potrzebach.<br><\/p>\n\n\n\n<p style=\"font-style:italic;font-weight:400\">Trening na reformerze pozwala pracowa\u0107 precyzyjnie, bezpiecznie <br>i skutecznie, dlatego jest odpowiedni zar\u00f3wno.<\/p>\n\n\n\n<p style=\"font-style:italic;font-weight:400\"><strong>DLA KOGO?<\/strong><br>\u2013 dla os\u00f3b pocz\u0105tkuj\u0105cych,<br>\u2013 dla kobiet po ci\u0105\u017cy,<br>\u2013 dla os\u00f3b z b\u00f3lem plec\u00f3w,<br>\u2013 dla tych, kt\u00f3rzy chc\u0105 trenowa\u0107 m\u0105drze, a nie ci\u0119\u017cko.<\/p>\n\n\n\n<div style=\"height:100px\" aria-hidden=\"true\" class=\"wp-block-spacer\"><\/div>\n\n\n\n<p><em>Um\u00f3w ju\u017c dzi\u015b swoj\u0105 pierwsz\u0105 lekcj\u0119 pilates na reformerze<\/em><\/p>\n","protected":false},"excerpt":{"rendered":"<p>PILATES NA REFORMERACH DLACZEGO WARTO?\u2013 indywidualne podej\u015bcie,\u2013 praca w skupieniu i harmonii,\u2013 sprz\u0119t premium,\u2013 klasyczne reformery,\u2013 bezpiecze\u0144stwo i pe\u0142na uwaga instruktora. DODATKOWO:&#8211; intymna, spokojna atmosfera,&#8211; profesjonalne, klasyczne podej\u015bcie do pilatesu, &#8211; skupienie na Twoim ciele i potrzebach. Trening na reformerze pozwala pracowa\u0107 precyzyjnie, bezpiecznie i skutecznie, dlatego jest odpowiedni zar\u00f3wno. DLA KOGO?\u2013 dla os\u00f3b pocz\u0105tkuj\u0105cych,\u2013 [&hellip;]<\/p>\n","protected":false},"author":1,"featured_media":10,"parent":0,"menu_order":0,"comment_status":"closed","ping_status":"closed","template":"","meta":{"footnotes":""},"class_list":["post-9","page","type-page","status-publish","has-post-thumbnail","hentry"],"yoast_head":"<!-- This site is optimized with the Yoast SEO plugin v27.3 - https:\/\/yoast.com\/product\/yoast-seo-wordpress\/ -->\n<title>Piloteka - Pilates klasyczny - Piloteka<\/title>\n<meta name=\"robots\" content=\"index, follow, max-snippet:-1, max-image-preview:large, max-video-preview:-1\" \/>\n<link rel=\"canonical\" href=\"https:\/\/piloteka.pl\/\" \/>\n<meta property=\"og:locale\" content=\"pl_PL\" \/>\n<meta property=\"og:type\" content=\"article\" \/>\n<meta property=\"og:title\" content=\"Piloteka - Pilates klasyczny - Piloteka\" \/>\n<meta property=\"og:description\" content=\"PILATES NA REFORMERACH DLACZEGO WARTO?\u2013 indywidualne podej\u015bcie,\u2013 praca w skupieniu i harmonii,\u2013 sprz\u0119t premium,\u2013 klasyczne reformery,\u2013 bezpiecze\u0144stwo i pe\u0142na uwaga instruktora. DODATKOWO:&#8211; intymna, spokojna atmosfera,&#8211; profesjonalne, klasyczne podej\u015bcie do pilatesu, &#8211; skupienie na Twoim ciele i potrzebach. Trening na reformerze pozwala pracowa\u0107 precyzyjnie, bezpiecznie i skutecznie, dlatego jest odpowiedni zar\u00f3wno. DLA KOGO?\u2013 dla os\u00f3b pocz\u0105tkuj\u0105cych,\u2013 [&hellip;]\" \/>\n<meta property=\"og:url\" content=\"https:\/\/piloteka.pl\/\" \/>\n<meta property=\"og:site_name\" content=\"Piloteka\" \/>\n<meta property=\"article:modified_time\" content=\"2026-03-15T17:11:02+00:00\" \/>\n<meta property=\"og:image\" content=\"https:\/\/piloteka.pl\/wp-content\/uploads\/2026\/03\/Logo-piloteka-1.jpeg\" \/>\n\t<meta property=\"og:image:width\" content=\"1024\" \/>\n\t<meta property=\"og:image:height\" content=\"1024\" \/>\n\t<meta property=\"og:image:type\" content=\"image\/jpeg\" \/>\n<meta name=\"twitter:card\" content=\"summary_large_image\" \/>\n<meta name=\"twitter:label1\" content=\"Szacowany czas czytania\" \/>\n\t<meta name=\"twitter:data1\" content=\"1 minuta\" \/>\n<script type=\"application\/ld+json\" class=\"yoast-schema-graph\">{\"@context\":\"https:\\\/\\\/schema.org\",\"@graph\":[{\"@type\":\"WebPage\",\"@id\":\"https:\\\/\\\/piloteka.pl\\\/\",\"url\":\"https:\\\/\\\/piloteka.pl\\\/\",\"name\":\"Piloteka - Pilates klasyczny - Piloteka\",\"isPartOf\":{\"@id\":\"https:\\\/\\\/piloteka.pl\\\/#website\"},\"primaryImageOfPage\":{\"@id\":\"https:\\\/\\\/piloteka.pl\\\/#primaryimage\"},\"image\":{\"@id\":\"https:\\\/\\\/piloteka.pl\\\/#primaryimage\"},\"thumbnailUrl\":\"https:\\\/\\\/piloteka.pl\\\/wp-content\\\/uploads\\\/2026\\\/03\\\/Logo-piloteka-1.jpeg\",\"datePublished\":\"2026-03-15T15:04:27+00:00\",\"dateModified\":\"2026-03-15T17:11:02+00:00\",\"breadcrumb\":{\"@id\":\"https:\\\/\\\/piloteka.pl\\\/#breadcrumb\"},\"inLanguage\":\"pl-PL\",\"potentialAction\":[{\"@type\":\"ReadAction\",\"target\":[\"https:\\\/\\\/piloteka.pl\\\/\"]}]},{\"@type\":\"ImageObject\",\"inLanguage\":\"pl-PL\",\"@id\":\"https:\\\/\\\/piloteka.pl\\\/#primaryimage\",\"url\":\"https:\\\/\\\/piloteka.pl\\\/wp-content\\\/uploads\\\/2026\\\/03\\\/Logo-piloteka-1.jpeg\",\"contentUrl\":\"https:\\\/\\\/piloteka.pl\\\/wp-content\\\/uploads\\\/2026\\\/03\\\/Logo-piloteka-1.jpeg\",\"width\":1024,\"height\":1024},{\"@type\":\"BreadcrumbList\",\"@id\":\"https:\\\/\\\/piloteka.pl\\\/#breadcrumb\",\"itemListElement\":[{\"@type\":\"ListItem\",\"position\":1,\"name\":\"Strona g\u0142\u00f3wna\",\"item\":\"https:\\\/\\\/piloteka.pl\\\/\"},{\"@type\":\"ListItem\",\"position\":2,\"name\":\"Piloteka &#8211; Pilates klasyczny\"}]},{\"@type\":\"WebSite\",\"@id\":\"https:\\\/\\\/piloteka.pl\\\/#website\",\"url\":\"https:\\\/\\\/piloteka.pl\\\/\",\"name\":\"Piloteka\",\"description\":\"Twoje cia\u0142o. Twoja r\u00f3wnowaga. Nasza precyzja.\",\"publisher\":{\"@id\":\"https:\\\/\\\/piloteka.pl\\\/#organization\"},\"potentialAction\":[{\"@type\":\"SearchAction\",\"target\":{\"@type\":\"EntryPoint\",\"urlTemplate\":\"https:\\\/\\\/piloteka.pl\\\/?s={search_term_string}\"},\"query-input\":{\"@type\":\"PropertyValueSpecification\",\"valueRequired\":true,\"valueName\":\"search_term_string\"}}],\"inLanguage\":\"pl-PL\"},{\"@type\":\"Organization\",\"@id\":\"https:\\\/\\\/piloteka.pl\\\/#organization\",\"name\":\"Piloteka Klasyczny Pilates\",\"url\":\"https:\\\/\\\/piloteka.pl\\\/\",\"logo\":{\"@type\":\"ImageObject\",\"inLanguage\":\"pl-PL\",\"@id\":\"https:\\\/\\\/piloteka.pl\\\/#\\\/schema\\\/logo\\\/image\\\/\",\"url\":\"https:\\\/\\\/piloteka.pl\\\/wp-content\\\/uploads\\\/2026\\\/03\\\/Logo-piloteka-1.jpeg\",\"contentUrl\":\"https:\\\/\\\/piloteka.pl\\\/wp-content\\\/uploads\\\/2026\\\/03\\\/Logo-piloteka-1.jpeg\",\"width\":1024,\"height\":1024,\"caption\":\"Piloteka Klasyczny Pilates\"},\"image\":{\"@id\":\"https:\\\/\\\/piloteka.pl\\\/#\\\/schema\\\/logo\\\/image\\\/\"},\"sameAs\":[\"https:\\\/\\\/www.instagram.com\\\/piloteka_klasyczny_pilates\\\/\"]}]}<\/script>\n<!-- \/ Yoast SEO plugin. -->","yoast_head_json":{"title":"Piloteka - Pilates klasyczny - Piloteka","robots":{"index":"index","follow":"follow","max-snippet":"max-snippet:-1","max-image-preview":"max-image-preview:large","max-video-preview":"max-video-preview:-1"},"canonical":"https:\/\/piloteka.pl\/","og_locale":"pl_PL","og_type":"article","og_title":"Piloteka - Pilates klasyczny - Piloteka","og_description":"PILATES NA REFORMERACH DLACZEGO WARTO?\u2013 indywidualne podej\u015bcie,\u2013 praca w skupieniu i harmonii,\u2013 sprz\u0119t premium,\u2013 klasyczne reformery,\u2013 bezpiecze\u0144stwo i pe\u0142na uwaga instruktora. DODATKOWO:&#8211; intymna, spokojna atmosfera,&#8211; profesjonalne, klasyczne podej\u015bcie do pilatesu, &#8211; skupienie na Twoim ciele i potrzebach. Trening na reformerze pozwala pracowa\u0107 precyzyjnie, bezpiecznie i skutecznie, dlatego jest odpowiedni zar\u00f3wno. DLA KOGO?\u2013 dla os\u00f3b pocz\u0105tkuj\u0105cych,\u2013 [&hellip;]","og_url":"https:\/\/piloteka.pl\/","og_site_name":"Piloteka","article_modified_time":"2026-03-15T17:11:02+00:00","og_image":[{"width":1024,"height":1024,"url":"https:\/\/piloteka.pl\/wp-content\/uploads\/2026\/03\/Logo-piloteka-1.jpeg","type":"image\/jpeg"}],"twitter_card":"summary_large_image","twitter_misc":{"Szacowany czas czytania":"1 minuta"},"schema":{"@context":"https:\/\/schema.org","@graph":[{"@type":"WebPage","@id":"https:\/\/piloteka.pl\/","url":"https:\/\/piloteka.pl\/","name":"Piloteka - Pilates klasyczny - Piloteka","isPartOf":{"@id":"https:\/\/piloteka.pl\/#website"},"primaryImageOfPage":{"@id":"https:\/\/piloteka.pl\/#primaryimage"},"image":{"@id":"https:\/\/piloteka.pl\/#primaryimage"},"thumbnailUrl":"https:\/\/piloteka.pl\/wp-content\/uploads\/2026\/03\/Logo-piloteka-1.jpeg","datePublished":"2026-03-15T15:04:27+00:00","dateModified":"2026-03-15T17:11:02+00:00","breadcrumb":{"@id":"https:\/\/piloteka.pl\/#breadcrumb"},"inLanguage":"pl-PL","potentialAction":[{"@type":"ReadAction","target":["https:\/\/piloteka.pl\/"]}]},{"@type":"ImageObject","inLanguage":"pl-PL","@id":"https:\/\/piloteka.pl\/#primaryimage","url":"https:\/\/piloteka.pl\/wp-content\/uploads\/2026\/03\/Logo-piloteka-1.jpeg","contentUrl":"https:\/\/piloteka.pl\/wp-content\/uploads\/2026\/03\/Logo-piloteka-1.jpeg","width":1024,"height":1024},{"@type":"BreadcrumbList","@id":"https:\/\/piloteka.pl\/#breadcrumb","itemListElement":[{"@type":"ListItem","position":1,"name":"Strona g\u0142\u00f3wna","item":"https:\/\/piloteka.pl\/"},{"@type":"ListItem","position":2,"name":"Piloteka &#8211; Pilates klasyczny"}]},{"@type":"WebSite","@id":"https:\/\/piloteka.pl\/#website","url":"https:\/\/piloteka.pl\/","name":"Piloteka","description":"Twoje cia\u0142o. Twoja r\u00f3wnowaga. Nasza precyzja.","publisher":{"@id":"https:\/\/piloteka.pl\/#organization"},"potentialAction":[{"@type":"SearchAction","target":{"@type":"EntryPoint","urlTemplate":"https:\/\/piloteka.pl\/?s={search_term_string}"},"query-input":{"@type":"PropertyValueSpecification","valueRequired":true,"valueName":"search_term_string"}}],"inLanguage":"pl-PL"},{"@type":"Organization","@id":"https:\/\/piloteka.pl\/#organization","name":"Piloteka Klasyczny Pilates","url":"https:\/\/piloteka.pl\/","logo":{"@type":"ImageObject","inLanguage":"pl-PL","@id":"https:\/\/piloteka.pl\/#\/schema\/logo\/image\/","url":"https:\/\/piloteka.pl\/wp-content\/uploads\/2026\/03\/Logo-piloteka-1.jpeg","contentUrl":"https:\/\/piloteka.pl\/wp-content\/uploads\/2026\/03\/Logo-piloteka-1.jpeg","width":1024,"height":1024,"caption":"Piloteka Klasyczny Pilates"},"image":{"@id":"https:\/\/piloteka.pl\/#\/schema\/logo\/image\/"},"sameAs":["https:\/\/www.instagram.com\/piloteka_klasyczny_pilates\/"]}]}},"_links":{"self":[{"href":"https:\/\/piloteka.pl\/index.php?rest_route=\/wp\/v2\/pages\/9","targetHints":{"allow":["GET"]}}],"collection":[{"href":"https:\/\/piloteka.pl\/index.php?rest_route=\/wp\/v2\/pages"}],"about":[{"href":"https:\/\/piloteka.pl\/index.php?rest_route=\/wp\/v2\/types\/page"}],"author":[{"embeddable":true,"href":"https:\/\/piloteka.pl\/index.php?rest_route=\/wp\/v2\/users\/1"}],"replies":[{"embeddable":true,"href":"https:\/\/piloteka.pl\/index.php?rest_route=%2Fwp%2Fv2%2Fcomments&post=9"}],"version-history":[{"count":5,"href":"https:\/\/piloteka.pl\/index.php?rest_route=\/wp\/v2\/pages\/9\/revisions"}],"predecessor-version":[{"id":45,"href":"https:\/\/piloteka.pl\/index.php?rest_route=\/wp\/v2\/pages\/9\/revisions\/45"}],"wp:featuredmedia":[{"embeddable":true,"href":"https:\/\/piloteka.pl\/index.php?rest_route=\/wp\/v2\/media\/10"}],"wp:attachment":[{"href":"https:\/\/piloteka.pl\/index.php?rest_route=%2Fwp%2Fv2%2Fmedia&parent=9"}],"curies":[{"name":"wp","href":"https:\/\/api.w.org\/{rel}","templated":true}]}}